 o(0). Let i = -2 - u. What is the remainder when i is divided by (-2 + -1 + 2)*-3?
0
Let p = -5 - -12. Suppose 0 = -5*n + 2*h + 24, -4*n - 4*h = -h - 10. Calculate the remainder when p is divided by n.
3
Let x(t) = -7*t - 2. Let n(a) = -a**2 + 6*a - 3. Let q be n(6). Suppose 4*g = 3*h - 0*h - 14, h - 4*g = -6. What is the remainder when x(q) is divided by h?
9
Suppose -y = 5*c - 169, 4*c - 7*y + 2*y = 112. What is the remainder when c is divided by 12?
9
Let z(d) be the third derivative of d**6/120 + 2*d**5/15 + d**4/4 - d**3/3 - 7*d**2. Let f be 7*-1 - (-1 - 0). What is the remainder when z(f) is divided by 12?
10
Suppose 13 - 3 = 5*j. Let l be j/(-1)*(-10)/4. Suppose -m = m - x - 45, 4*m - l*x = 87. Calculate the remainder when m is divided by 12.
11
Let i = -7 + 8. Let f be (1 + 1/4)*-4. Let z(v) = v**2 + 4*v - 3. Calculate the remainder when z(f) is divided by i.
0
Let c(o) = -o**3 + 8*o**2 + 9*o - 2. Let x be c(9). Let b be (x + 36/15)*5. Suppose -2 + 24 = b*d. What is the remainder when d is divided by 4?
3
Suppose 0 = -3*g + 2*w + 19, -3*g + 61 = 2*g + 4*w. What is the remainder when 24 is divided by g?
6
Let c(n) = 2*n**2 + 3*n - 3. Let r be c(-3). Suppose -95 = -5*y - l, r*y - 4*l - 100 = 2*y. Calculate the remainder when y is divided by 22*((-3)/2 - -2).
9
Suppose 0 = -32*w + 34*w - 30. Calculate the remainder when 27 is divided by w.
12
Suppose -f = -2*f - 12. Let j be (-2)/7 + f/(-42). Suppose 4*i - 7 = -4*s + 13, j = 2*i - 4. Calculate the remainder when 8 is divided by s.
2
Suppose -15 = a - 22. What is the remainder when 69 is divided by a?
6
Let g(w) = w**3 + 7*w**2 + 5*w. Calculate the remainder when g(-4) is divided by 10.
8
Let w = 27 + -23. Calculate the remainder when w is divided by 2.
0
Suppose n = -n + 26. Let b = n + -10. Suppose -t - 5*l = 0, -2*l + 1 - 18 = -3*t. What is the remainder when t is divided by b?
2
Let k(y) be the first derivative of -7*y**2/2 + 2*y - 2. Suppose o - 9 = -3. Calculate the remainder when k(-3) is divided by o.
5
What is the remainder when 2 - 1/2*-86 is divided by 12?
9
Let b = 5 - 0. Suppose 0 = -b*o - 17 + 102. Calculate the remainder when o is divided by 9.
8
Let n(c) = c**2 - 3*c. Let b be (-4)/(-20) - 19/(-5). Calculate the remainder when 7 is divided by n(b).
3
Suppose 0 = r + 3 - 19. Suppose -2*m + 356 = -6*m. Let g = -42 - m. What is the remainder when g is divided by r?
15
What is the remainder when (-6)/(-4)*(51 + 3) is divided by 12?
9
Let c(y) = y**3 + 10*y**2 + 7*y - 16. Calculate the remainder when 7 is divided by c(-9).
1
Let q(x) = x**3 + x**2 - 4*x - 2. Let c be q(-4). Let u = c + 60. Calculate the remainder when u is divided by (1/(-3))/((-2)/54).
8
Suppose -4*h + 16 = -2*w, 0 = -0*h - h + 3*w + 4. Calculate the remainder when 12/18*210/h is divided by 12.
11
Suppose -10*v = -12*v + 50. What is the remainder when v is divided by 9?
7
Suppose -y = -0*y + 7. Let x(q) = -q**3 - 7*q**2 - 2*q - 9. Calculate the remainder when 9 is divided by x(y).
4
Let x = 47 + -43. What is the remainder when 15 is divided by x?
3
Let h be ((-1)/2)/((-3)/18). Suppose -4*g + 40 = 4*s, -h*g + 3*s - 7 = -61. Calculate the remainder when 40 is divided by g.
12
Let d(m) be the second derivative of m**4/12 + m**3/2 - 2*m**2 + 4*m. Calculate the remainder when d(-6) is divided by 4.
2
Let t(p) = p**3 + 2*p**2 - 2*p - 1. What is the remainder when 42 is divided by t(2)?
9
Let v(j) = -j**2 - 6*j - 5. Let x be v(-5). Let i = -2 + 6. Suppose x = i*y - 5*y + 2. Calculate the remainder when 3 is divided by y.
1
Let z(s) = 5*s**3 - 3*s**2 + 3*s - 3. Let p(l) = 5*l**2 - 2*l. Calculate the remainder when z(2) is divided by p(2).
15
Let g(h) = 8*h - 6. Calculate the remainder when 33 is divided by g(3).
15
Let g(x) = 7*x**2 - 6*x + 7. Let w be g(5). Suppose -3*p = -w + 32. Let j = -19 + p. Calculate the remainder when 41 is divided by j.
20
Suppose -3*d - 30 = -6*d - 5*h, -2*d = -5*h - 20. Let u(v) = 5*v**2 - v + 1. Calculate the remainder when u(2) is divided by d.
9
Calculate the remainder when 2/8 + (-86)/(-8) is divided by (32/(-20) - -4)/(2/5).
5
Let i be (0/(-2) - -124)/2. Suppose -4*c + 27 = -4*g - g, -i = -4*c - 2*g. Let f = 24 - c. What is the remainder when 21 is divided by f?
10
What is the remainder when 6 is divided by 1/(((-1)/2)/(-1))?
0
Let j(a) = -3*a**2 + 35*a + 16. What is the remainder when 109 is divided by j(11)?
33
Suppose 0 = 4*g - 3*s + 111, -3*g + 7*g + 4*s = -76. What is the remainder when (-6)/(9/3) - g is divided by (1 + 0/3)*8?
6
Let i = -6 - -4. Let h(m) = -13*m**2 - 6*m - 6. Let v(g) = 14*g**2 + 7*g + 7. Let k(n) = -4*h(n) - 3*v(n). What is the remainder when k(i) is divided by 19?
18
Let t = -27 - -52. Suppose -h + 22 = -t. Calculate the remainder when h is divided by 12.
11
Suppose -5*d = -4*d + 2. Let k(v) = -v**3 - v**2 + v + 1. Calculate the remainder when 4 is divided by k(d).
1
Let z = 7 - 1. Let h be (0 + -2)/(-4)*0. Suppose z*w - 2*w - 24 = h. Calculate the remainder when 10 is divided by w.
4
Let p = -155 - -223. Suppose 0 = -5*a + m + m + 18, -2*m + 14 = 3*a. Suppose i - 27 = -a. Calculate the remainder when p is divided by i.
22
Suppose 5*d - 8*d - 3*t = -39, 5*d - 2*t - 65 = 0. Calculate the remainder when 23 is divided by d.
10
Let v = -8 - -11. Suppose -88 = -4*i - 2*d + 68, 4*d - 156 = -4*i. Calculate the remainder when i is divided by (-186)/(-18) + (-1)/v.
9
Suppose 0 = -2*w + 2*i - 2 + 30, -i - 2 = 0. Calculate the remainder when 35 is divided by w.
11
Let n = 33 + -18. Calculate the remainder when 88 is divided by n.
13
Suppose 4*g + 4*a = 76, 3*g = -0*a - 2*a + 57. Let m(h) = -2*h**2 + 6. Let l be m(-6). Let d = -11 - l. What is the remainder when d is divided by g?
17
What is the remainder when 1 + 68 + -4 + 0 is divided by 34?
31
Suppose 5*w = 2*t + 242, 126 = -5*w + 5*t + 371. Calculate the remainder when 287 is divided by w.
47
Suppose 10*k - 551 - 559 = 0. What is the remainder when k is divided by 30?
21
Let y(w) = 2*w**2 + 4*w. What is the remainder when 110 is divided by y(-4)?
14
Let t(m) = m**3 + 7*m**2 + 10*m. Let g be t(-5). Suppose 4*o = -3*k + 133, -5*o + g*k - k + 180 = 0. Calculate the remainder when o is divided by 19.
18
Suppose 3*i + 2*a + 10 = 0, -4*a - 29 = -i - 9. Suppose -3*p - p + 96 = i. Calculate the remainder when p is divided by 13.
11
Suppose 5*g - 5 = 5*p, 2*g = 4*g - 4*p + 6. What is the remainder when 5 is divided by g?
0
Let l be -4*(-12)/(-3)*-2. Suppose 5*h - l = 3. Calculate the remainder when (-150)/9*12/(-10) is divided by h.
6
Suppose 51 = -3*n + 4*n. What is the remainder when n is divided by 13?
12
Let l(p) = 2*p**3 + p**2 - 2*p - 1. What is the remainder when 58 is divided by l(2)?
13
Let r be (208/(-6))/((-10)/15). Let x = r - 32. What is the remainder when 38 is divided by x?
18
Let m(u) = 6*u**2 - 5*u + 1. Calculate the remainder when m(1) is divided by 2.
0
Let m(a) be the third derivative of 0 + 0*a**3 + 13/60*a**5 + 0*a - 2*a**2 + 0*a**4. Calculate the remainder when 23 is divided by m(-1).
10
Let s(u) = -5*u + 1. Calculate the remainder when s(-10) is divided by 26.
25
Let a = 5 - 4. Let h = 1 + a. Calculate the remainder when h is divided by 2.
0
Suppose -2*h + 2 = -4. Suppose -h*t = 10 - 40. Calculate the remainder when 17 is divided by t.
7
Let k(g) = g + 2. What is the remainder when 34 is divided by k(2)?
2
Suppose -3*c = -2*z + 44, c - 5*c - 66 = -3*z. Calculate the remainder when 108 is divided by z.
20
Let i = -26 - -48. Calculate the remainder when 109 is divided by i.
21
Suppose -20 = 3*h - 2*h - 5*u, 2*h + 4*u = -26. Calculate the remainder when (10/h)/(2/(-141)) is divided by 16.
15
Let g = 5 - 4. Let v be 5 + -5 - 3*g. What is the remainder when 29 is divided by (-9)/v*(-10)/(-2)?
14
Suppose -101 = -7*d + 158. What is the remainder when d is divided by 10?
7
Suppose -25 = 5*i, 0 = -5*p + 3*i + 2*i + 145. Calculate the remainder when 45 is divided by p.
21
Let m = 22 - 13. Let a(s) = -2*s**2 + 8*s + 5. Let w(p) = p**2 - 7*p - 4. Let o(u) = -6*a(u) - 7*w(u). Calculate the remainder when o(-2) is divided by m.
7
Let f(r) = 14*r**2 + r - 1. What is the remainder when 55 is divided by f(1)?
13
Suppose -10*c - 25 = -15*c. What is the remainder when 5 is divided by c?
0
Let u = 157 - 247. What is t